{"id":12,"date":"2014-06-14T15:16:49","date_gmt":"2014-06-14T15:16:49","guid":{"rendered":"http:\/\/nspuig.archimadrid.es\/?page_id=12"},"modified":"2022-06-04T13:58:25","modified_gmt":"2022-06-04T11:58:25","slug":"donde","status":"publish","type":"page","link":"http:\/\/nspuig.archimadrid.es\/?page_id=12","title":{"rendered":"\u00bfDonde estamos ?"},"content":{"rendered":"<p>La parroquia Ntra. Sra. del Puig\u00a0y la parroquia San Timoteo estar\u00e1n caminando juntas durante un periodo de tiempo. La ubicaci\u00f3n habitual ser\u00e1 en C\/ Sierra de Gredos, 26, 28031 Madrid.<\/p>\n<p><a href=\"https:\/\/nspuig.archimadrid.es\/wp-content\/uploads\/2014\/06\/ubicacion-timoteo.png\"><img loading=\"lazy\" decoding=\"async\" class=\"size-medium wp-image-436 aligncenter\" src=\"https:\/\/nspuig.archimadrid.es\/wp-content\/uploads\/2014\/06\/ubicacion-timoteo-300x258.png\" alt=\"ubicacion-timoteo\" width=\"300\" height=\"258\" srcset=\"http:\/\/nspuig.archimadrid.es\/wp-content\/uploads\/2014\/06\/ubicacion-timoteo-300x258.png 300w, http:\/\/nspuig.archimadrid.es\/wp-content\/uploads\/2014\/06\/ubicacion-timoteo-349x300.png 349w, http:\/\/nspuig.archimadrid.es\/wp-content\/uploads\/2014\/06\/ubicacion-timoteo.png 437w\" sizes=\"(max-width: 300px) 100vw, 300px\" \/><\/a><\/p>\n<p>Las misas del domingo son a las 11:30 y a las 13:00 h.<\/p>\n","protected":false},"excerpt":{"rendered":"<p>La parroquia Ntra. Sra. del Puig\u00a0y la parroquia San Timoteo estar\u00e1n caminando juntas durante un periodo de tiempo. La ubicaci\u00f3n habitual ser\u00e1 en C\/ Sierra de Gredos, 26, 28031 Madrid. Las misas del domingo son a las 11:30 y a &hellip; <a href=\"http:\/\/nspuig.archimadrid.es\/?page_id=12\">Sigue leyendo <span class=\"meta-nav\">&rarr;<\/span><\/a><\/p>\n","protected":false},"author":2,"featured_media":0,"parent":0,"menu_order":0,"comment_status":"open","ping_status":"open","template":"","meta":{"footnotes":""},"_links":{"self":[{"href":"http:\/\/nspuig.archimadrid.es\/index.php?rest_route=\/wp\/v2\/pages\/12"}],"collection":[{"href":"http:\/\/nspuig.archimadrid.es\/index.php?rest_route=\/wp\/v2\/pages"}],"about":[{"href":"http:\/\/nspuig.archimadrid.es\/index.php?rest_route=\/wp\/v2\/types\/page"}],"author":[{"embeddable":true,"href":"http:\/\/nspuig.archimadrid.es\/index.php?rest_route=\/wp\/v2\/users\/2"}],"replies":[{"embeddable":true,"href":"http:\/\/nspuig.archimadrid.es\/index.php?rest_route=%2Fwp%2Fv2%2Fcomments&post=12"}],"version-history":[{"count":9,"href":"http:\/\/nspuig.archimadrid.es\/index.php?rest_route=\/wp\/v2\/pages\/12\/revisions"}],"predecessor-version":[{"id":999,"href":"http:\/\/nspuig.archimadrid.es\/index.php?rest_route=\/wp\/v2\/pages\/12\/revisions\/999"}],"wp:attachment":[{"href":"http:\/\/nspuig.archimadrid.es\/index.php?rest_route=%2Fwp%2Fv2%2Fmedia&parent=12"}],"curies":[{"name":"wp","href":"https:\/\/api.w.org\/{rel}","templated":true}]}}